{"id":252,"date":"2025-08-14T20:24:41","date_gmt":"2025-08-14T18:24:41","guid":{"rendered":"https:\/\/linux-rhein-kreis-neuss.de\/cms\/?page_id=252"},"modified":"2025-08-18T09:18:29","modified_gmt":"2025-08-18T07:18:29","slug":"impressum","status":"publish","type":"page","link":"https:\/\/linux-rhein-kreis-neuss.de\/cms\/impressum\/","title":{"rendered":"Impressum"},"content":{"rendered":"<div id=\"ez-toc-container\" class=\"ez-toc-v2_0_82_2 counter-hierarchy ez-toc-counter ez-toc-light-blue ez-toc-container-direction\">\n<div class=\"ez-toc-title-container\">\n<p class=\"ez-toc-title ez-toc-toggle\" style=\"cursor:pointer\">Inhalt<\/p>\n<span class=\"ez-toc-title-toggle\"><a href=\"#\" class=\"ez-toc-pull-right ez-toc-btn ez-toc-btn-xs ez-toc-btn-default ez-toc-toggle\" aria-label=\"Toggle Table of Content\"><span class=\"ez-toc-js-icon-con\"><span class=\"\"><span class=\"eztoc-hide\" style=\"display:none;\">Toggle<\/span><span class=\"ez-toc-icon-toggle-span\"><svg style=\"fill: #999;color:#999\" xmlns=\"http:\/\/www.w3.org\/2000\/svg\" class=\"list-377408\" width=\"20px\" height=\"20px\" viewBox=\"0 0 24 24\" fill=\"none\"><path d=\"M6 6H4v2h2V6zm14 0H8v2h12V6zM4 11h2v2H4v-2zm16 0H8v2h12v-2zM4 16h2v2H4v-2zm16 0H8v2h12v-2z\" fill=\"currentColor\"><\/path><\/svg><svg style=\"fill: #999;color:#999\" class=\"arrow-unsorted-368013\" xmlns=\"http:\/\/www.w3.org\/2000\/svg\" width=\"10px\" height=\"10px\" viewBox=\"0 0 24 24\" version=\"1.2\" baseProfile=\"tiny\"><path d=\"M18.2 9.3l-6.2-6.3-6.2 6.3c-.2.2-.3.4-.3.7s.1.5.3.7c.2.2.4.3.7.3h11c.3 0 .5-.1.7-.3.2-.2.3-.5.3-.7s-.1-.5-.3-.7zM5.8 14.7l6.2 6.3 6.2-6.3c.2-.2.3-.5.3-.7s-.1-.5-.3-.7c-.2-.2-.4-.3-.7-.3h-11c-.3 0-.5.1-.7.3-.2.2-.3.5-.3.7s.1.5.3.7z\"\/><\/svg><\/span><\/span><\/span><\/a><\/span><\/div>\n<nav><ul class='ez-toc-list ez-toc-list-level-1 eztoc-toggle-hide-by-default' ><li class='ez-toc-page-1 ez-toc-heading-level-2'><a class=\"ez-toc-link ez-toc-heading-1\" href=\"https:\/\/linux-rhein-kreis-neuss.de\/cms\/impressum\/#Angaben-gemaess-%C2%A7-5-TMG\" >Angaben gem\u00e4\u00df \u00a7 5 TMG<\/a><\/li><li class='ez-toc-page-1 ez-toc-heading-level-2'><a class=\"ez-toc-link ez-toc-heading-2\" href=\"https:\/\/linux-rhein-kreis-neuss.de\/cms\/impressum\/#Kontakt\" >Kontakt<\/a><\/li><li class='ez-toc-page-1 ez-toc-heading-level-2'><a class=\"ez-toc-link ez-toc-heading-3\" href=\"https:\/\/linux-rhein-kreis-neuss.de\/cms\/impressum\/#Redaktionell-verantwortlich\" >Redaktionell verantwortlich<\/a><\/li><li class='ez-toc-page-1 ez-toc-heading-level-2'><a class=\"ez-toc-link ez-toc-heading-4\" href=\"https:\/\/linux-rhein-kreis-neuss.de\/cms\/impressum\/#Konzept-Design-und-Pflege\" >Konzept, Design und Pflege<\/a><\/li><li class='ez-toc-page-1 ez-toc-heading-level-2'><a class=\"ez-toc-link ez-toc-heading-5\" href=\"https:\/\/linux-rhein-kreis-neuss.de\/cms\/impressum\/#EU-Streitschlichtung\" >EU-Streitschlichtung<\/a><\/li><li class='ez-toc-page-1 ez-toc-heading-level-2'><a class=\"ez-toc-link ez-toc-heading-6\" href=\"https:\/\/linux-rhein-kreis-neuss.de\/cms\/impressum\/#VerbraucherstreitbeilegungUniversalschlichtungsstelle\" >Verbraucher\u00adstreit\u00adbeilegung\/Universal\u00adschlichtungs\u00adstelle<\/a><\/li><li class='ez-toc-page-1 ez-toc-heading-level-2'><a class=\"ez-toc-link ez-toc-heading-7\" href=\"https:\/\/linux-rhein-kreis-neuss.de\/cms\/impressum\/#Datenschutzerklaerung\" >Datenschutzerkl\u00e4rung<\/a><\/li><\/ul><\/nav><\/div>\n\n<h2 class=\"wp-block-heading\"><span class=\"ez-toc-section\" id=\"Angaben-gemaess-%C2%A7-5-TMG\"><\/span>Angaben gem\u00e4\u00df \u00a7 5 TMG<span class=\"ez-toc-section-end\"><\/span><\/h2>\n\n\n\n<p>Hanjo Loeben<br>Platanenstr. 19<br>41564 Kaarst<br>Germany<\/p>\n\n\n\n<h2 class=\"wp-block-heading\"><span class=\"ez-toc-section\" id=\"Kontakt\"><\/span>Kontakt<span class=\"ez-toc-section-end\"><\/span><\/h2>\n\n\n\n<p><strong>Telefon<\/strong> +49.2131.203355<br><strong>Telefax<\/strong> +49.2131.666503<\/p>\n\n\n\n<p><strong>E-Mail<\/strong> webmaster@linux-rhein-kreis-neuss.de<\/p>\n\n\n\n<h2 class=\"wp-block-heading\"><span class=\"ez-toc-section\" id=\"Redaktionell-verantwortlich\"><\/span>Redaktionell verantwortlich<span class=\"ez-toc-section-end\"><\/span><\/h2>\n\n\n\n<p>Hanjo Loeben<\/p>\n\n\n\n<h2 class=\"wp-block-heading\"><span class=\"ez-toc-section\" id=\"Konzept-Design-und-Pflege\"><\/span>Konzept, Design und Pflege<span class=\"ez-toc-section-end\"><\/span><\/h2>\n\n\n\n<p>JOhan\u2122 ByteWerk.Net<br>Hanjo Loeben<br>Platanenstr. 19<br>41564 Kaarst<br>Germany<\/p>\n\n\n\n<p><strong>Das Konzept der Website und alle Inhalte sind urheberrechtlich gesch\u00fctzt.<\/strong><br><strong>Weder das Konzept noch die Inhalte d\u00fcrfen kopiert oder ohne Genehmigung genutzt werden.<\/strong><\/p>\n\n\n\n<h2 class=\"wp-block-heading\"><span class=\"ez-toc-section\" id=\"EU-Streitschlichtung\"><\/span>EU-Streitschlichtung<span class=\"ez-toc-section-end\"><\/span><\/h2>\n\n\n\n<p>Die Europ\u00e4ische Kommission stellt eine Plattform zur Online-Streitbeilegung (OS) bereit:&nbsp;<a rel=\"noreferrer noopener\" href=\"https:\/\/ec.europa.eu\/consumers\/odr\/\" target=\"_blank\">https:\/\/ec.europa.eu\/consumers\/odr\/<\/a>.<br>Unsere E-Mail-Adresse finden Sie oben im Impressum.<\/p>\n\n\n\n<h2 class=\"wp-block-heading\"><span class=\"ez-toc-section\" id=\"VerbraucherstreitbeilegungUniversalschlichtungsstelle\"><\/span>Verbraucher\u00adstreit\u00adbeilegung\/Universal\u00adschlichtungs\u00adstelle<span class=\"ez-toc-section-end\"><\/span><\/h2>\n\n\n\n<p>Wir sind nicht bereit oder verpflichtet, an Streitbeilegungsverfahren vor einer Verbraucherschlichtungsstelle teilzunehmen.<\/p>\n\n\n\n<h2 class=\"wp-block-heading\"><span class=\"ez-toc-section\" id=\"Datenschutzerklaerung\"><\/span><a href=\"https:\/\/linux-rhein-kreis-neuss.de\/cms\/dsvgo\/\" data-type=\"page\" data-id=\"47\">Datenschutzerkl\u00e4rung<\/a><span class=\"ez-toc-section-end\"><\/span><\/h2>\n","protected":false},"excerpt":{"rendered":"<p>Angaben gem\u00e4\u00df \u00a7 5 TMG Hanjo LoebenPlatanenstr. 1941564 KaarstGermany Kontakt Telefon +49.2131.203355Telefax +49.2131.666503 E-Mail webmaster@linux-rhein-kreis-neuss.de Redaktionell verantwortlich Hanjo Loeben Konzept, Design und Pflege JOhan\u2122 ByteWerk.NetHanjo LoebenPlatanenstr. 1941564 KaarstGermany Das Konzept der Website und alle Inhalte sind urheberrechtlich gesch\u00fctzt.Weder das Konzept noch die Inhalte d\u00fcrfen kopiert oder ohne Genehmigung genutzt werden. EU-Streitschlichtung Die Europ\u00e4ische Kommission stellt [&hellip;]<\/p>\n","protected":false},"author":1,"featured_media":0,"parent":0,"menu_order":99,"comment_status":"closed","ping_status":"closed","template":"","meta":{"footnotes":""},"class_list":["post-252","page","type-page","status-publish","hentry"],"_links":{"self":[{"href":"https:\/\/linux-rhein-kreis-neuss.de\/cms\/wp-json\/wp\/v2\/pages\/252","targetHints":{"allow":["GET"]}}],"collection":[{"href":"https:\/\/linux-rhein-kreis-neuss.de\/cms\/wp-json\/wp\/v2\/pages"}],"about":[{"href":"https:\/\/linux-rhein-kreis-neuss.de\/cms\/wp-json\/wp\/v2\/types\/page"}],"author":[{"embeddable":true,"href":"https:\/\/linux-rhein-kreis-neuss.de\/cms\/wp-json\/wp\/v2\/users\/1"}],"replies":[{"embeddable":true,"href":"https:\/\/linux-rhein-kreis-neuss.de\/cms\/wp-json\/wp\/v2\/comments?post=252"}],"version-history":[{"count":10,"href":"https:\/\/linux-rhein-kreis-neuss.de\/cms\/wp-json\/wp\/v2\/pages\/252\/revisions"}],"predecessor-version":[{"id":764,"href":"https:\/\/linux-rhein-kreis-neuss.de\/cms\/wp-json\/wp\/v2\/pages\/252\/revisions\/764"}],"wp:attachment":[{"href":"https:\/\/linux-rhein-kreis-neuss.de\/cms\/wp-json\/wp\/v2\/media?parent=252"}],"curies":[{"name":"wp","href":"https:\/\/api.w.org\/{rel}","templated":true}]}}